{"id":46,"date":"2025-12-04T07:45:51","date_gmt":"2025-12-04T07:45:51","guid":{"rendered":"https:\/\/zwtmzwz.cluster121.hosting.ovh.net\/?page_id=46"},"modified":"2025-12-04T07:47:04","modified_gmt":"2025-12-04T07:47:04","slug":"46-2","status":"publish","type":"page","link":"https:\/\/maintenance-informatique-42.fr\/index.php\/46-2\/","title":{"rendered":"Cr\u00e9ation site web design r\u00e9f\u00e9rencement"},"content":{"rendered":"\n<p class=\"has-x-large-font-size\">Cr\u00e9ation site web design r\u00e9f\u00e9rencement SEO r\u00e9servation nom de domaine et h\u00e9bergement informatique Cr\u00e9ation Site Web<\/p>\n\n\n\n<p class=\"has-large-font-size\">Cr\u00e9ation de site web design au choix nous nous occupons du de la cr\u00e9ation de la r\u00e9servation du nom de domaine de l\u2019h\u00e9bergement et de la r\u00e9alisation int\u00e9grale de votre site cl\u00e9 en main avec un r\u00e9f\u00e9rencement SEO.<\/p>\n\n\n\n<p class=\"has-large-font-size\">Travail personnalis\u00e9 et de qualit\u00e9 n\u2019h\u00e9sitez pas \u00e0 nous contacter, pour \u00e9tablir un cahier des charges et un devis pour projet de Cr\u00e9ation site web correspondant \u00e0 votre demande personnelle.<\/p>\n\n\n\n<p class=\"has-large-font-size\">contactez moi au Tel <strong>0638351591<\/strong><\/p>\n\n\n\n<p class=\"has-large-font-size\"><strong>70 rue jean jaures Lorette 42420<\/strong><\/p>\n\n\n\n<p class=\"has-large-font-size\">contact mail&nbsp;: <a href=\"https:\/\/web.archive.org\/web\/20241013225641\/mailto:informatiquelorette@gmail.com\" target=\"_blank\" rel=\"noreferrer noopener\">informatiquelorette@gmail.com<\/a><\/p>\n","protected":false},"excerpt":{"rendered":"<p>Cr\u00e9ation site web design r\u00e9f\u00e9rencement SEO r\u00e9servation nom de domaine et h\u00e9bergement informatique Cr\u00e9ation Site Web Cr\u00e9ation de site web design au choix nous nous occupons du de la cr\u00e9ation de la r\u00e9servation du nom de domaine de l\u2019h\u00e9bergement et de la r\u00e9alisation int\u00e9grale de votre site cl\u00e9 en main avec un r\u00e9f\u00e9rencement SEO. Travail&hellip; <br \/> <a class=\"button small blue\" href=\"https:\/\/maintenance-informatique-42.fr\/index.php\/46-2\/\">Lire la suite<\/a><\/p>\n","protected":false},"author":1,"featured_media":0,"parent":0,"menu_order":0,"comment_status":"closed","ping_status":"closed","template":"","meta":{"footnotes":""},"class_list":["post-46","page","type-page","status-publish","hentry"],"_links":{"self":[{"href":"https:\/\/maintenance-informatique-42.fr\/index.php\/wp-json\/wp\/v2\/pages\/46","targetHints":{"allow":["GET"]}}],"collection":[{"href":"https:\/\/maintenance-informatique-42.fr\/index.php\/wp-json\/wp\/v2\/pages"}],"about":[{"href":"https:\/\/maintenance-informatique-42.fr\/index.php\/wp-json\/wp\/v2\/types\/page"}],"author":[{"embeddable":true,"href":"https:\/\/maintenance-informatique-42.fr\/index.php\/wp-json\/wp\/v2\/users\/1"}],"replies":[{"embeddable":true,"href":"https:\/\/maintenance-informatique-42.fr\/index.php\/wp-json\/wp\/v2\/comments?post=46"}],"version-history":[{"count":3,"href":"https:\/\/maintenance-informatique-42.fr\/index.php\/wp-json\/wp\/v2\/pages\/46\/revisions"}],"predecessor-version":[{"id":49,"href":"https:\/\/maintenance-informatique-42.fr\/index.php\/wp-json\/wp\/v2\/pages\/46\/revisions\/49"}],"wp:attachment":[{"href":"https:\/\/maintenance-informatique-42.fr\/index.php\/wp-json\/wp\/v2\/media?parent=46"}],"curies":[{"name":"wp","href":"https:\/\/api.w.org\/{rel}","templated":true}]}}